
False
Is 18223211113 composite?
False
Is 7269545851 a composite number?
False
Is 126922974691 composite?
False
Is 24938561363 a prime number?
True
Is 6841961767 a prime number?
True
Is 9309503818 composite?
True
Is 1023050681 prime?
False
Is 2159302337 a composite number?
False
Is 16798841555 prime?
False
Is 234920393 a composite number?
True
Is 84605316317 composite?
False
Is 676523069 prime?
True
Is 20022274361 a composite number?
True
Is 42787350646 prime?
False
Is 323346736591 a composite number?
False
Is 8332848383 prime?
True
Is 19843096939 composite?
True
Is 6917725259 a composite number?
True
Is 3305789827 prime?
False
Is 5897103827 a prime number?
False
Is 9818133389 composite?
False
Is 5159644961 prime?
False
Is 15192755723 a composite number?
False
Is 47199670913 a prime number?
True
Is 22632148453 a prime number?
True
Is 622300631 a composite number?
True
Is 36501251 a composite number?
False
Is 12223966683 a prime number?
False
Is 152961121 a composite number?
True
Is 741862871 prime?
False
Is 83506126673 prime?
True
Is 1098468781 a composite number?
True
Is 482936173 a composite number?
True
Is 10946751853 composite?
True
Is 1129629797 prime?
False
Is 62584618685 composite?
True
Is 19397827579 a composite number?
True
Is 219471617 a prime number?
False
Is 233589331 a composite number?
True
Is 17440903817 a composite number?
True
Is 47611648837 prime?
True
Is 26950918327 composite?
True
Is 3717105107 a composite number?
False
Is 356534501 prime?
False
Is 291750839 a composite number?
True
Is 8869279429 composite?
False
Is 193609961 a composite number?
True
Is 9245162803 composite?
True
Is 81032107111 composite?
False
Is 20474673937 composite?
False
Is 11569868197 a prime number?
False
Is 14353298173 a composite number?
True
Is 32802589 prime?
True
Is 1830894289 a prime number?
False
Is 1835846777 a composite number?
False
Is 829657357 composite?
True
Is 38185787 a composite number?
False
Is 155607033313 composite?
True
Is 2132724005 prime?
False
Is 32326408987 a prime number?
False
Is 46969076147 prime?
False
Is 1007991451 a composite number?
False
Is 842221945 a composite number?
True
Is 3109871363 composite?
False
Is 16156335409 composite?
False
Is 18597042839 prime?
True
Is 5716400071 a prime number?
True
Is 614570863 prime?
False
Is 5295495797 prime?
True
Is 487432879 prime?
True
Is 13590969797 composite?
True
Is 659180293 a prime number?
True
Is 69736967513 composite?
False
Is 10242401609 a prime number?
False
Is 44870502711 a composite number?
True
Is 63098011151 composite?
True
Is 1991440421 a composite number?
False
Is 249124277261 composite?
True
Is 501460508177 a composite number?
False
Is 373417921 prime?
True
Is 2110870339 a prime number?
True
Is 330974963 composite?
True
Is 111270889 a composite number?
False
Is 717832333 composite?
False
Is 14401086517 a composite number?
True
Is 35091570599 a composite number?
True
Is 17734840133 composite?
True
Is 317265941 a prime number?
False
Is 54592313759 a prime number?
True
Is 30888223871 prime?
True
Is 3693764891 a composite number?
True
Is 68879841593 composite?
False
Is 59736476147 prime?
True
Is 3800323393 a prime number?
True
Is 3893657617 a composite number?
False
Is 124392776863 a prime number?
True
Is 209873935 a prime number?
False
Is 7818014991 a composite number?
True
Is 44273018833 prime?
True
Is 2595301165 prime?
False
Is 66124312019 a composite number?
True
Is 338520599 composite?
False
Is 21472621729 a composite number?
True
Is 1282580093 composite?
False
Is 29796704906 prime?
False
Is 187813834357 prime?
True
Is 5043240847 a prime number?
True
Is 689893117 prime?
False
Is 30918256049 a prime number?
True
Is 80462399119 composite?
True
Is 13207802359 composite?
False
Is 49545915581 composite?
False
Is 260910403 a composite number?
True
Is 21188397481 a prime number?
True
Is 277684843 composite?
False
Is 736754531 a composite number?
False
Is 10649350457 a composite number?
False
Is 22283756477 a composite number?
False
Is 887762849 a prime number?
True
Is 29481123853 prime?
True
Is 95279573 prime?
False
Is 480585893 a prime number?
False
Is 967407055 a composite number?
True
Is 543278767 a prime number?
True
Is 17440538667 a prime number?
False
Is 593266847 composite?
False
Is 1717726931 prime?
True
Is 326789857 prime?
True
Is 1540007713 a prime number?
False
Is 103768201 composite?
False
Is 2352027089 a composite number?
False
Is 3677143963 composite?
True
Is 891546829 a prime number?
True
Is 9500419 composite?
False
Is 2120382971 prime?
False
Is 33851763007 a prime number?
False
Is 25885598899 prime?
True
Is 1599783971 a composite number?
False
Is 52064891369 prime?
True
Is 3958949191 a prime number?
False
Is 19643145827 prime?
False
Is 6314677 a composite number?
False
Is 12844311119 a composite number?
False
Is 10581659581 a composite number?
False
Is 43961859989 a composite number?
True
Is 105641581 a prime number?
False
Is 275144197 prime?
False
Is 733660337 a prime number?
True
Is 601025207 composite?
False
Is 507606769 a composite number?
False
Is 70603830119 a prime number?
False
Is 2846196641 prime?
True
Is 1130995739 a prime number?
True
Is 50162111659 a prime number?
False
Is 1289149721 prime?
True
Is 384477104261 a composite number?
False
Is 32440699537 prime?
True
Is 69530664391 a composite number?
False
Is 582406117 a composite number?
False
Is 4303115431 a prime number?
False
Is 109601619839 a prime number?
True
Is 2222182459 a composite number?
True
Is 1224611131 a prime number?
False
Is 4675458871 a prime number?
True
Is 5562224401 prime?
True
Is 6299653447 a prime number?
False
Is 1383239549 a composite number?
False
Is 2394039143 prime?
False
Is 209309657 a prime number?
True
Is 448007177 a prime number?
True
Is 719897209 prime?
True
Is 8249749207 composite?
True
Is 2533756847 prime?
True
Is 21874258219 composite?
True
Is 52745627591 prime?
False
Is 1375994363 composite?
True
Is 4877549119 prime?
False
Is 1701813431 prime?
False
Is 15540848501 composite?
True
Is 171212533 composite?
False
Is 473868191 a prime number?
False
Is 21258412873 composite?
False
Is 366017915 a composite number?
True
Is 7431382877 prime?
True
Is 159467479 a composite number?
True
Is 970079657 composite?
False
Is 72668987 a prime number?
False
Is 640925539 prime?
True
Is 13785592943 composite?
False
Is 5601131 a prime number?
False
Is 145857824033 a composite number?
False
Is 322328579 a prime number?
True
Is 122245481 a composite number?
False
Is 1559026499 composite?
False
Is 31010089 composite?
True
Is 146257271609 a prime number?
True
Is 2170629011 a composite number?
True
Is 2902342369 prime?
False
Is 164053601 prime?
True
Is 1982216461 composite?
False
Is 111553170643 composite?
False
Is 21998897491 prime?
True
Is 918598313 a prime number?
True
Is 61311894307 composite?
False
Is 470706211 a prime number?
False
Is 16332442183 composite?
False
Is 879394091 a composite number?
False
Is 12856146811 composite?
False
Is 719126921 a composite number?
True
Is 17673967559 a composite number?
True
Is 18389669 composite?
True
Is 6460072198 prime?
False
Is 9913411343 a composite number?
True
Is 27918362113 a prime number?
False
Is 1833330799 a prime number?
True
Is 135835333 a composite number?
True
Is 295832315 composite?
True
Is 25662843267 prime?
False
Is 34261220117 a prime number?
True
Is 517035889 composite?
False
Is 10480796173 composite?
True
Is 2539533389 a prime number?
False
Is 57323529617 a prime number?
True
Is 295443839 prime?
True
Is 2034155129 a composite number?
True
Is 3167943641 a prime number?
False
Is 878281171 composite?
False
Is 75610867 composite?
True
Is 102318603869 a prime number?
True
Is 43709560837 a prime number?
False
Is 206950087 composite?
False
Is 807069119 prime?
True
Is 2289463885 composite?
True
Is 3247007899 prime?
True
Is 110150212951 prime?
False
Is 74489129873 prime?
True
Is 7635731671 prime?
True
Is 15718189 composite?
True
Is 12129291469 a composite number?
False
Is 354657419 prime?
False
Is 5697930741 composite?
True
Is 34427316107 prime?
True
Is 16922942237 prime?
False
Is 14725295111 a prime number?
False
Is 5750094877 a composite number?
False
Is 73896083 a prime number?
False
Is 283418447 prime?
False
Is 101915771 a com